11001001011100011010100 (base 2) to base 9
13370671
What is -110001000101000101 (base 2) in base 10?
-201029
-dc047 (base 15) to base 10
-698692
Convert 2052323 (base 8) to base 14.
102da3
84f5e (base 16) to base 8
2047536
What is -150427 (base 10) in base 15?
-2e887
-1ba03a6 (base 12) to base 14
-b0566a
3b2253 (base 13) to base 14
294266
Convert 175471 (base 9) to base 2.
11010100111010001
-12d237 (base 16) to base 15
-19570d
Convert -351a0a (base 16) to base 12.
-11b9b22
What is -10791508 (base 10) in base 7?
-160504060
Convert 110011101100100110 (base 2) to base 3.
101202110121
154a10 (base 11) to base 14
63a81
17761265 (base 8) to base 14
7adb37
-11001001101000110 (base 2) to base 5
-11300423
-1001001011100010101 (base 2) to base 16
-49715
What is -466702 (base 13) in base 5?
-411432110
What is -1120012101 (base 4) in base 16?
-58191
884b01 (base 12) to base 13
5aa5b8
Convert 201701 (base 8) to base 14.
1a33b
Convert -55596 (base 16) to base 12.
-14a386
What is -ca87 (base 16) in base 15?
-10567
Convert 2075060 (base 10) to base 5.
1012400220
Convert 26014 (base 15) to base 16.
1daaf
What is 275d33 (base 14) in base 15?
1bd34d
Convert 21475 (base 13) to base 11.
41169
-110115 (base 14) to base 8
-2145707
Convert 1034516 (base 9) to base 7.
4466334
-946421 (base 11) to base 13
-411361
Convert -31999 (base 10) to base 4.
-13303333
What is -24220240 (base 6) in base 7?
-6333360
-a86509 (base 13) to base 6
-220440142
-2288a96 (base 11) to base 2
-1111001111001011001011
What is -1001001101000010 (base 2) in base 7?
-214623
Convert 2315521 (base 6) to base 16.
1d1a9
Convert c975 (base 15) to base 4.
22122023
Convert -344013013 (base 5) to base 6.
-53102043
What is -206552 (base 8) in base 14?
-1b1c6
10202344 (base 5) to base 16
14af4
Convert -3031ab (base 13) to base 11.
-6a6071
What is 99928 (base 10) in base 2?
11000011001011000
What is 6c011a (base 13) in base 9?
4747273
What is 684d12 (base 15) in base 9?
10326088
12343121 (base 6) to base 3
202110001211
121121212112 (base 3) to base 2
1001111111000111011
What is 6b17b (base 12) in base 16?
2312f
20212001101 (base 3) to base 6
2520314
11032221 (base 5) to base 9
155535
What is 301405 (base 10) in base 6?
10243221
What is -b8310 (base 14) in base 5?
-103221010
Convert -328bbb (base 12) to base 16.
-c42bf
-1043413013 (base 5) to base 9
-4334613
What is -4a2443 (base 11) in base 8?
-3016317
Convert -1441b7 (base 13) to base 12.
-1ba304
-2255403 (base 8) to base 11
-389715
What is -11121000120112 (base 3) in base 15?
-33345b
b4589 (base 13) to base 15
65e97
-240400002 (base 6) to base 2
-10001001101000110000010
What is -1342503 (base 6) in base 8?
-224007
Convert bd259a (base 14) to base 12.
2198590
3427390 (base 10) to base 16
344c3e
-171635 (base 8) to base 14
-18a29
-235376 (base 8) to base 5
-10040023
Convert 1064e97 (base 15) to base 5.
10444224132
Convert 27915 (base 10) to base 13.
c924
31635 (base 15) to base 2
100110001111101010
323231221200 (base 4) to base 14
2116892
-32172a (base 11) to base 5
-112432040
Convert -1041223023 (base 6) to base 15.
-ec7253
Convert 758710 (base 13) to base 6.
135100404
Convert 2132131 (base 4) to base 10.
10141
Convert -256777 (base 11) to base 16.
-62b00
Convert 1464376 (base 10) to base 16.
165838
Convert 1213372 (base 9) to base 4.
2200302203
What is -413244412 (base 5) in base 11?
-a59968
What is 1495b (base 16) in base 14?
22a27
What is 2707617 (base 8) in base 10?
757647
65a33 (base 12) to base 2
100000110110000111
Convert -20012021221 (base 3) to base 11.
-836a0
Convert -67011 (base 10) to base 11.
-4638a
What is 30143210 (base 6) in base 9?
1540686
What is 3122133020 (base 4) in base 3?
1200110121012
What is 84a48 (base 14) in base 11?
1a9738
What is -a63c87 (base 16) in base 8?
-51436207
Convert 2d273 (base 15) to base 4.
203210103
What is -212677 (base 10) in base 8?
-637305
842044 (base 10) to base 8
3154474
Convert e37596 (base 15) to base 6.
1023353040
10027a (base 11) to base 7
1241332
-103004221 (base 5) to base 14
-b5901
What is -1625806 (base 9) in base 5?
-212400111
10001100001011011010 (base 2) to base 5
121333140
What is -3764221 (base 12) in base 3?
-202101021220121
Convert -294635 (base 10) to base 15.
-5c475
What is -11865391 (base 10) in base 8?
-55206457
Convert -4016137 (base 9) to base 13.
-59a7b4
1011011000000101111011 (base 2) to base 3
12121111220100
What is -234496 (base 11) in base 13?
-1003a8
-138f0c (base 16) to base 6
-43250140
75813 (base 16) to base 8
1654023
What is -13100 (base 11) in base 4?
-10211003
What is 423022 (base 10) in base 15?
85517
c0d1 (base 15) to base 8
117370
Convert 1b7445 (base 12) to base 8.
1674265
-101100201011 (base 3) to base 10
-203908
1326133 (base 7) to base 9
286047
-4089948 (base 10) to base 8
-17464134
Convert 57721 (base 11) to base 6.
1442024
What is 5015232 (base 10) in base 5?
2240441412
What is -160666 (base 7) in base 4?
-13231003
What is 1667b2 (base 13) in base 5?
120312134
What is -671671 (base 8) in base 14?
-5c637
-130984 (base 10) to base 15
-28c24
What is -10000020100212 (base 3) in base 2?
-110000110010111110011
-173912a (base 13) to base 6
-425232053
-5506121 (base 7) to base 3
-1021021002212
-1320203133 (base 4) to base 11
-307aa1
20104200 (base 6) to base 5
121143314
5992a (base 11) to base 3
11101101111
Convert -4e8d1 (base 15) to base 12.
-10182a
Convert 325068 (base 9) to base 14.
50996
What is -2f64c3 (base 16) in base 10?
-3105987
10110111111010111 (base 2) to base 6
2003543
-116231656 (base 7) to base 13
-169ac92
-7a312 (base 13) to base 9
-368082
Convert -156f9 (base 16) to base 5.
-10302201
Convert -24377214 (base 8) to base 3.
-101010000011111
Convert -425181 (base 9) to base 16.
-3dcbd
What is 11022599 (base 10) in base 5?
10310210344
What is -6f0915 (base 16) in base 9?
-14620826
What is -113cc4 (base 13) in base 7?
-3321231
-61572367 (base 8) to base 7
-215554052
Convert 13fe2 (base 16) to base 3.
11011022222
What is -20210101102 (base 3) in base 16?
-20a38
-a09665 (base 14) to base 2
-10100100111011000101001
Convert 9e75 (base 15) to base 7.
200030
What is 7782c (base 13) in base 5?
23413241
What is -161156 (base 9) in base 10?
-99276
Convert -222132033 (base 4) to base 3.
-22211122020
260116 (base 7) to base 4
23233102
-2208214 (base 9) to base 13
-327379
What is -2a24c2 (base 16) in base 4?
-22202103002
-1bc382 (base 15) to base 2
-101001011011011101011
What is -7a42a (base 11) in base 12?
-57389
Convert -101101010010001111 (base 2) to base 10.
-185487
-341790 (base 16) to base 14
-64c1c4
What is 2a7263 (base 12) in base 16?
af2ab
-121221002120 (base 3) to base 15
-68aec
Convert 2201101000 (base 3) to base 6.
1051343
What is 20120020212010 (base 3) in base 14?
66b665
Convert -493453 (base 10) to base 14.
-cbb89
Convert 31537677 (base 9) to base 13.
31c2c49
Convert 1552564 (base 9) to base 2.
11010010010011100100
968353 (base 11) to base 9
2818865
327662 (base 8) to base 2
11010111110110010
Convert -135864 (base 15) to base 16.
-e30e3
Convert 88295 (base 11) to base 7.
1042351
-101130123 (base 4) to base 15
-16286
5a0a24 (base 11) to base 12
39b545
Convert 100001001100100110010010 (base 2) to base 10.
8702354
2951656 (base 10) to base 3
12112221220121
What is 2170547 (base 8) in base 16?
8f167
Convert -2a187 (base 11) to base 14.
-1185a
Convert -1333010102 (base 4) to base 3.
-222102221112
Convert 10747140 (base 8) to base 6.
122143504
Convert -1011373 (base 10) to base 4.
-3312322231
7b5a (base 14) to base 6
243140
Convert -1656464 (base 7) to base 11.
-1499a3
Convert 11043320040 (base 5) to base 2.
101110000111010111000010
Convert 13233003 (base 6) to base 5.
103034440
Convert 22631 (base 14) to base 15.
19b44
Convert 176684 (base 12) to base 15.
80161
Convert -6001633 (base 7) to base 6.
-23051031
What is 6172711 (base 9) in base 15?
451757
Convert 20342523 (base 8) to base 10.
4310355
Convert -101201011121201 (base 3) to base 10.
-5691754
What is 14304431 (base 8) in base 15?
441d41
Convert 2230661 (base 8) to base 14.
11982d
What is 1234023 (base 7) in base 16?
2706f
What is 10535422 (base 7) in base 3?
1201120111011
What is 1110312421 (base 6) in base 7?
204346345
Convert 12304123410 (base 5) to base 6.
1251332521
1052351500 (base 6) to base 10
1